ose l*z - 4*z = 20. Determine t(z).
6
Suppose -6*h = -2*h + 20. Let o(m) = -6*m + m**2 + 7*m + 6*m. Determine o(h).
-10
Let g(p) = -3*p + 2. Let c(y) = -y**3 + 10*y**2 + 8*y + 26. Let t be c(11). Calculate g(t).
23
Let l(y) = -y**3 - 4*y**2 + 2*y - 7. Let b = 17 - 14. Let t be ((-1)/b)/((-3)/(-45)). Calculate l(t).
8
Let y(u) be the second derivative of -u**3/6 - u**2/2 - 7*u. Suppose q = -0 + 4. Calculate y(q).
-5
Let d(g) = -g**2 + 2*g + 1. Suppose -2*x - 2 = -0. Suppose -4*h + 3 = -h. Let z = h - x. Determine d(z).
1
Let i(z) = z**3 - 5*z**2 - 2*z. Suppose 4 = -2*o + 24. Suppose 0 = x + x - o. What is i(x)?
-10
Let n(u) = -u**2 + 4*u + 3. Let f(t) = 2*t**2 - 1 - 3*t - 4 - 6*t. Let y(z) = 4*f(z) + 9*n(z). What is y(0)?
7
Let w(q) = 4*q**2 - 7*q**2 - 7*q + 6*q + 7 + 4*q**2. Let y be -1 + 1 + -1 + 1. Determine w(y).
7
Let s(c) = c**2 + 3*c - 1. Let a(j) = 4 + 1 - 8*j**2 - 3 + 4*j**2 - j. Let k be a(1). Determine s(k).
-1
Let f(u) be the third derivative of -u**6/120 - 7*u**5/60 - 7*u**4/24 - 4*u**3/3 - 18*u**2. What is f(-6)?
-2
Let t(v) = v - 3*v**2 + 2*v**3 + 2*v**2 - 1 - 2*v**2 - 3*v**3. Calculate t(-3).
-4
Let h(n) = -24*n - 81. Let x(g) = 7*g + 23. Let o(t) = 5*h(t) + 18*x(t). Let i(c) = 2*c + 3. Let d(q) = 11*i(q) - 4*o(q). Calculate d(3).
-9
Let b = 323/6024 - 3/251. Let n(y) be the third derivative of 0 + 4*y**2 + 0*y - 2/3*y**3 - b*y**4. What is n(0)?
-4
Suppose -5 = -2*k + 4*z + 1, -k = z - 3. Let o(a) be the first derivative of a**2/2 - a - 3. What is o(k)?
2
Let i be -1*(-2 + 1 + -4). Let j(r) = -2*r**2 - 5 - 4*r**2 + 9*r + r**3 - 2*r. Calculate j(i).
5
Let i be 4/10 - (-3)/5. Let p(x) = -x + 6*x - x + i. Let m be p(-1). Let b(l) = -4*l - 3. Calculate b(m).
9
Let g = -1 - -2. Let z(b) = -2 - 9*b**2 + 6 + b - 4 - 1. What is z(g)?
-9
Let k(g) = -26*g**2 + 0*g + 27*g**2 - 6*g + 2 - 4. What is k(6)?
-2
Let w(x) be the third derivative of -x**7/504 - x**6/360 + x**5/120 - x**4/4 + 7*x**2. Let k(p) be the second derivative of w(p). What is k(1)?
-6
Let f(c) = -c**2 - 15*c - 15. Let j be f(-13). Let y(a) = a**2 - 10*a - 14. Determine y(j).
-3
Let l(f) = 6*f + 5*f - 10*f + 2. Give l(-2).
0
Let z(i) = 19*i**3 - i**2 - 2*i - 1. Let p = -118 - -117. Calculate z(p).
-19
Let b(k) = k + 3. Suppose 3*i - 24 = -i. Suppose -2*v + i*v = 20. Suppose 0 = -3*c + v*c + 10. What is b(c)?
-2
Let d(o) = -2*o**2 - o. Let l be d(1). Suppose -5*i + 5*z - 20 = 0, 7 = i - 3*z + 21. Let r(u) = -u - 2 + i - 2 + 2*u. Give r(l).
-6
Let t(z) = -1 - 2 + 2*z**2 - z**3 + 2*z**3 - 4*z. Let l(d) = d**3 + 3*d**2 - d + 1. Let a be l(-3). Let c be -5*a*(-9)/(-60). Determine t(c).
0
Let d(c) = c + 10. Let t be d(-7). Suppose -6*v = 2*o - v + 15, t = 2*o - v. Let k(r) = r**2 - 9. Determine k(o).
-9
Let s(z) = -3*z - 1. Suppose -5*o + 20 = -0*o. Let n(d) = d**3 - 5*d**2 + 4*d - 2. Let p be n(o). What is s(p)?
5
Let t(z) = -2*z - 2. Suppose 3*i = 2*k - 28, -2 - 13 = i + 5*k. Let b = -5 - i. What is t(b)?
-12
Let b(d) = -3*d + 4 - 2*d**2 - 14*d**2 + 17*d**2. Calculate b(3).
4
Let a(u) = 12*u**2 + 5*u + 8. Let g(y) = 8*y**2 + 3*y + 5. Let i(f) = -5*a(f) + 8*g(f). Determine i(-1).
5
Let x = 3 - 3. Let n = 0 - x. Let p = n + 3. Let o(t) = -t**3 + 2*t**2 + 4*t - 1. Give o(p).
2
Let l = 10 + -9. Suppose 0 = -2*p - 4*g - 11 + l, -12 = 3*g. Let v(c) = -c**3 + 3*c**2 + 2. Give v(p).
2
Let k(b) = b**2 - 5*b - 4. Let x be 83/(-9) + 2/9. Let l(y) = -2*y + 8. Let v be l(6). Let f = v - x. Give k(f).
-4
Let b(c) = c - 3. Let a be b(3). Let h(v) = -v**3 - 4. Determine h(a).
-4
Let o(f) = -7*f**3 + 2*f**2 - f - 2. Let x(b) = -b**3 - 1. Let u(d) = -o(d) + 2*x(d). What is u(1)?
4
Let h(f) = -3*f**3 + 1. Let d be h(-1). Let t(j) = 2*j - 2*j**2 + 0*j**3 - 9 + 3*j**3 - d*j**2 - 2*j**3. Determine t(6).
3
Suppose 0 = g - 1 - 1. Suppose -g*a + 2 = 8. Let x(h) = -3*h - 2. Let u(z) = 1. Let y(v) = 2*u(v) - x(v). Give y(a).
-5
Let p(g) be the first derivative of -g**3/3 + 13*g**2/2 - 11*g - 11. Calculate p(12).
1
Let k(u) = -15*u**3 + u**2 + u + 1. Let i = 45 + -46. Give k(i).
16
Let a(g) = -17*g - 1. Suppose -18*n + 12 = -6*n. What is a(n)?
-18
Let z = -11 + 12. Let m(d) be the third derivative of -2*d**6/15 - d**5/60 + d**3/6 + 10*d**2. Give m(z).
-16
Let z be (3/((-12)/(-4)) + 1)*-1. Let j(v) = v**3 + v**2 - 4*v - 3. What is j(z)?
1
Let g(x) be the first derivative of -5*x**3 - x**2/2 + 7. Calculate g(-1).
-14
Let s(g) be the first derivative of -2*g**2 + 3*g - 4. Calculate s(3).
-9
Suppose 6*t - 9*t = -9. Let b(g) = 18*g + 6 - 15*g - t. Calculate b(-2).
-3
Let n(j) be the first derivative of 5*j + 1/3*j**3 + 2*j**2 - 6. Suppose 28 = -4*c + 8. What is n(c)?
10
Let x(i) = -6*i - 9. Let n(g) = -3*g - 4. Let v(q) = q - 3. Let k be v(-2). Let l(u) = k*n(u) + 2*x(u). What is l(-2)?
-4
Let x(m) = -8*m + 6*m**2 - 4*m**2 - 4*m**2 + 3*m**2. What is x(9)?
9
Suppose -3*q = -1 - 5. Suppose -q*m = -0*m - 4. Let p(w) = 2*w - 2*w + 1 - m*w**2 - w. What is p(1)?
-2
Suppose -5 = -5*k - 0, z - 2*k = 3. Suppose -z*d = -4*d - 2. Let v(t) = t - 2*t + 6 - d*t. Calculate v(4).
-6
Let h(z) be the second derivative of -z**3/6 - 5*z**2/2 + 7*z. Let a = -7 - -11. What is h(a)?
-9
Let o(p) = p**3 - 5*p**2 - 4*p + 6. Let l be -1*((-5 - -2) + -2). Determine o(l).
-14
Suppose -5 - 15 = -4*b. Suppose -b*j = -3*s - 2 + 12, s - 20 = 5*j. Let p(w) be the first derivative of -w**4/4 - 2*w**3 - 5*w**2/2 - 1. Give p(j).
0
Let c be (-78)/(-9) + 8/24. Let j(p) = 7*p**2 + 3*p - c*p**2 + 4 + p**2. What is j(5)?
-6
Suppose 3 = 4*u - 5. Suppose 4 = -0*w + 2*w. Let m(z) = 0*z**3 - z + 4*z**2 + 1 - z**w - 2*z**3. What is m(u)?
-5
Let c = 86 + -93. Let b(a) = -a**3 - 6*a**2 + 9*a - 5. Give b(c).
-19
Let c(y) = -2*y**2 + 34*y - 1 - 2 + y**2 - 40*y. What is c(-6)?
-3
Let x(w) = -7 + 6*w + 7 - 3 + w**2. What is x(-6)?
-3
Let x(g) = g - 11. Let z be x(9). Let p(d) be the third derivative of d**4/24 - d**3/3 + 6*d**2. Determine p(z).
-4
Let x(d) be the first derivative of d**3/3 + 3*d**2/2 + 2*d - 17. Determine x(-2).
0
Let c(o) = -o**3 - 4*o**2 + 3. Let g be c(-3). Let j(i) = i**3 + 5*i**2 - 6*i + 1. What is j(g)?
1
Let w(k) = -k**2 + 8*k - 1. Let t be 5 + (-4 - (-3 + -2)). Calculate w(t).
11
Suppose 2*v + 36 = 4*u - 3*v, 4*u = 2*v + 24. Suppose -2*c - 4 + 12 = 0. Let w(b) = -5 + 3 + b**2 + 1 - b - c*b. Determine w(u).
-5
Suppose -2*t = 2*t. Suppose 0 = 2*y + 2, 0*n = -4*n - y - 1. Suppose t = -5*l - 5, n = 3*o + o - l - 5. Let c(w) = -w + 2. Give c(o).
1
Let d(r) = -r**2 + 4*r - 1. Suppose 20 - 8 = 3*k. Let h(q) = -q**2 + 5*q - 2. Let a be h(k). Give d(a).
3
Let d be (-4)/(-2)*-1 + 0. Let u(b) = b**2 + b. Let y be u(d). Let j(z) = -5*z**3 + 2*z**y + 2*z**2 - 3 + 4*z**3 - 2*z. Calculate j(3).
0
Let f(v) be the third derivative of 1/24*v**4 + 2*v**2 + 0 + 0*v**3 + 0*v. Calculate f(6).
6
Let g(v) = 2*v - 2. Let n(k) = 2. Let y(z) = -g(z) + n(z). What is y(4)?
-4
Let c(n) = -n**3 - 7*n**2 + 5. Let r(m) = -m**3 - 11*m**2 - 9*m + 3. Let i be 15/(1/(4/(-6))). Let d be r(i). Determine c(d).
5
Let c be (-3)/2*10/15. Let q(b) = 13 - 25 + b + 12. Determine q(c).
-1
Let n = 1 + 7. Let z(a) = a - 9. Calculate z(n).
-1
Let i(o) = 2*o + 4 + 4 + 1 + 0. Give i(-7).
-5
Let a(d) = -d**2 + d. Let h(v) = v**3 + 6*v**2 - 6*v - 2. Let p = -1 + 4. Let w(q) = p*a(q) + h(q). Determine w(-4).
-6
Let v(l) = -l**2 + l + 2. Suppose w + 17 + 0 = 5*n, 4*n - 4 = 4*w. What is v(n)?
-10
Let x(u) = 4*u**2 - 2. Let z = 6 + -4. Suppose z*b + 0*b - 6 = 0. Let a(h) = -3*h**2 - h + 3. Let w(p) = b*a(p) + 2*x(p). Give w(-5).
-5
Let h(f) be the third derivative of -f**6/20 + f**5/30 + f**4/12 + f**3/6 - 59*f**2. What is h(-1)?
7
Suppose -4*v = z - 4 - 25, -5*z + 1 = -4*v. Let g(m) = -m**3 + 5*m**2 + 8*m - 9. Give g(v).
3
Let u = 10 - 7. Let r(j) = -2 - 1 + 0*j + u*j. Calculate r(3).
6
Let s(x) be the first derivative of -x**4/4 + 2*x**3 + x**2/2 - 3*x - 1. Let i be s(6). Let d(v) = v - 4. What is d(i)?
-1
Let z(d) = -d + 17. Let f be z(8). Let i(l) = 4*l + 8*l**2 - f*l**2 - 6*l. Determine i(-2).
0
Let k(v) = -2*v. Suppose 7*l - 3*l = 12. Suppose l*w + 24 = 2*h - w, 2*h = w + 12. What is k(h)?
-8
Let z(r) be the second derivative of r**4/4 + r**3/3 + r**2/2 - 11*r. What is z(2)?
17
Let t = -20 - -19. Let n(a) = -5*a. Determine n(t).
5
Let d(w) = w - 4. Let u be (-3)/5 + (-68)/20. Let y be